{"id":1575,"date":"2019-07-24T17:12:40","date_gmt":"2019-07-24T15:12:40","guid":{"rendered":"https:\/\/ruralsolidarity.eu\/?page_id=1575"},"modified":"2019-07-24T17:30:28","modified_gmt":"2019-07-24T15:30:28","slug":"situation-agricole-en-france","status":"publish","type":"page","link":"https:\/\/ruralsolidarity.eu\/index.php\/situation-agricole-en-france\/","title":{"rendered":"LA SITUATION AGRICOLE EN FRANCE"},"content":{"rendered":"<p>[vc_row][vc_column][vc_column_text]La France compte un peu moins de 440\u00a0000 exploitations agricoles en 2016. <strong>Globalement moins nombreuses, les exploitations s\u2019agrandissent avec une moyenne de 63 hectares.<\/strong> Un quart d\u2019entre elles cultive des surfaces sup\u00e9rieures \u00e0 93 hectares<a href=\"#_ftn1\" name=\"_ftnref1\">[1]<\/a>. De 2014 \u00e0 2018, la population des actifs agricoles non-salari\u00e9s a baiss\u00e9 au rythme de -3,3% par an.<\/p>\n<p>Les ressources financi\u00e8res sont en baisse avec un EBE (Exc\u00e9dent Brut d\u2019Exploitation) n\u00e9gatif pour 30% des exploitations (avant prise en compte des subventions) et s\u2019accompagnent d\u2019un alourdissement de l\u2019endettement. Le montant moyen de l\u2019endettement des exploitations en 2016 s\u2019\u00e9l\u00e8ve \u00e0 189\u00a0900 euros<a href=\"#_ftn2\" name=\"_ftnref2\">[2]<\/a>. Le solde \u00ab\u00a0disponible\u00a0\u00bb pour la r\u00e9mun\u00e9ration de l\u2019exploitant et l\u2019autofinancement d\u2019investissement se situe en 2016 \u00e0 19 600 euros.\u00a0 La Mutualit\u00e9 Sociale Agricole (MSA) indique qu&rsquo;en 2016, pr\u00e8s de 20% des chefs d&rsquo;entreprise agricole impos\u00e9s au \u00ab\u00a0b\u00e9n\u00e9fice r\u00e9el\u00a0\u00bb ont un revenu d\u00e9ficitaire et 20% un revenu situ\u00e9 entre 0 et 4 315\u20ac. <strong>Ce qui revient \u00e0 dire que pr\u00e8s de 30% des exploitants agricoles impos\u00e9s au b\u00e9n\u00e9fice r\u00e9el ont gagn\u00e9 moins de 360\u20ac par mois en 2016<a href=\"#_ftn3\" name=\"_ftnref3\">[3]<\/a>.<\/strong><\/p>\n<p>La configuration des exploitations change peu\u00a0: m\u00eame si les n\u00e9o-ruraux (non issus du milieu agricole) sont pr\u00e8s d\u2019un tiers des nouveaux install\u00e9s, les agriculteurs fran\u00e7ais restent li\u00e9s \u00e0 la ferme familiale, avec des enjeux interg\u00e9n\u00e9rationnels souvent complexes. Les femmes jouent tout de m\u00eame un r\u00f4le de plus en plus important avec une repr\u00e9sentation d\u2019un quart des chefs d\u2019exploitation et de 47% des effectifs de l\u2019enseignement agricole<a href=\"#_ftn4\" name=\"_ftnref4\">[4]<\/a>.<\/p>\n<p>Les conditions de travail montrent une forte tension subie par les agriculteurs\u00a0: pression des cr\u00e9anciers, travail p\u00e9nible, isolement, signes d\u2019\u00e9puisement. Alors que les exploitants sont habitu\u00e9s \u00e0 faire face seuls aux difficult\u00e9s, la demande d\u2019aide n\u2019est pas du tout \u00e9vidente\u00a0: ni aupr\u00e8s de leurs pairs, ni aupr\u00e8s des services m\u00e9dicaux sociaux. La pointe de l\u2019iceberg de la souffrance psychique des agriculteurs, m\u00e9diatis\u00e9e depuis une dizaine d\u2019ann\u00e9es, est le nombre de suicides particuli\u00e8rement important dans ce secteur d\u2019activit\u00e9, avec un taux de suicide de 20% sup\u00e9rieur \u00e0 la population g\u00e9n\u00e9rale pour les hommes en 2010<a href=\"#_ftn5\" name=\"_ftnref5\">[5]<\/a>. <strong>Les derniers chiffres de la MSA parlent d\u20191 suicide de non salari\u00e9 agricole par jour, avec 372 agriculteurs d\u00e9c\u00e9d\u00e9s par suicide en 2015<a href=\"#_ftn6\" name=\"_ftnref6\">[6]<\/a>.<\/strong><\/p>\n<p><a href=\"#_ftnref1\" name=\"_ftn1\">[1]<\/a>Minist\u00e8re de l\u2019agriculture et de l\u2019alimentation. Agreste Primeur (2018). Enqu\u00eate sur la structure des exploitations agricoles. N\u00b0350<\/p>\n<p><a href=\"#_ftnref2\" name=\"_ftn2\">[2]<\/a>Service de la statistique et de la prospective du Minist\u00e8re de l\u2019agriculture et de l\u2019alimentation (2017). Les r\u00e9sultats \u00e9conomiques des exploitations agricoles en 2016 \u2013Donn\u00e9es du r\u00e9seau d\u2019information comptable agricole.<\/p>\n<p><a href=\"#_ftnref3\" name=\"_ftn3\">[3]<\/a> MSA. https:\/\/www.msa.fr\/lfy\/conference-presse-rentree-ccmsa-2017<\/p>\n<p><a href=\"#_ftnref4\" name=\"_ftn4\">[4]<\/a>Site du Minist\u00e8re de l\u2019agriculture et de l\u2019alimentation. Infographie Les femmes dans l\u2019agriculture. <a href=\"https:\/\/agriculture.gouv.fr\/infographie-les-femmes-dans-lagriculture\">https:\/\/agriculture.gouv.fr\/infographie-les-femmes-dans-lagriculture<\/a><\/p>\n<p><a href=\"#_ftnref5\" name=\"_ftn5\">[5]<\/a>Khireddine-Medouni I, Breuillard \u00c9, Bossard C. Surveillance de la mortalit\u00e9 par suicide des agriculteurs exploitants. Situation 2010-2011 et \u00e9volution 2007-2011. Saint-Maurice : Sant\u00e9 publique France ; 2016. 29 p.<\/p>\n<p><a href=\"#_ftnref6\" name=\"_ftn6\">[6]<\/a>http:\/\/www.lafranceagricole.fr\/actualites\/suicide-372-agriculteurs-et-233-salaries-en-2015-1,8,1382935463.html[\/vc_column_text][vc_row_inner][vc_column_inner width=\u00a0\u00bb1\/2&Prime;][vc_cta h2=\u00a0\u00bbLa situation agricole en Wallonie\u00a0\u00bb add_button=\u00a0\u00bbbottom\u00a0\u00bb btn_title=\u00a0\u00bbEn savoir plus\u00a0\u00bb btn_link=\u00a0\u00bburl:https%3A%2F%2Fruralsolidarity.eu%2Findex.php%2Fsituation-agricole-en-wallonie%2F|title:SITUATION%20AGRICOLE%20EN%20WALLONIE||\u00a0\u00bb]On observe en Wallonie une diminution de la surface agricole utile agissant en parall\u00e8le d\u2019une augmentation de la superficie moyenne par exploitation. Dans ce contexte agronomique, les agriculteurs wallons doivent faire face \u00e0 des enjeux multiples\u00a0: financiers, psycho-sociaux et humains.[\/vc_cta][\/vc_column_inner][vc_column_inner width=\u00a0\u00bb1\/2&Prime;][\/vc_column_inner][\/vc_row_inner][\/vc_column][\/vc_row]\n","protected":false},"excerpt":{"rendered":"<p>[vc_row][vc_column][vc_column_text]La France compte un peu moins de 440\u00a0000 exploitations agricoles en 2016. Globalement moins nombreuses, les exploitations s\u2019agrandissent avec une moyenne de 63 hectares. Un quart d\u2019entre elles cultive des surfaces sup\u00e9rieures \u00e0 93 hectares[1]. De 2014 \u00e0 2018, la population des actifs agricoles non-salari\u00e9s a baiss\u00e9 au rythme de -3,3% par an. Les ressources [&hellip;]<\/p>\n","protected":false},"author":1,"featured_media":0,"parent":0,"menu_order":0,"comment_status":"closed","ping_status":"closed","template":"","meta":[],"_links":{"self":[{"href":"https:\/\/ruralsolidarity.eu\/index.php\/wp-json\/wp\/v2\/pages\/1575"}],"collection":[{"href":"https:\/\/ruralsolidarity.eu\/index.php\/wp-json\/wp\/v2\/pages"}],"about":[{"href":"https:\/\/ruralsolidarity.eu\/index.php\/wp-json\/wp\/v2\/types\/page"}],"author":[{"embeddable":true,"href":"https:\/\/ruralsolidarity.eu\/index.php\/wp-json\/wp\/v2\/users\/1"}],"replies":[{"embeddable":true,"href":"https:\/\/ruralsolidarity.eu\/index.php\/wp-json\/wp\/v2\/comments?post=1575"}],"version-history":[{"count":2,"href":"https:\/\/ruralsolidarity.eu\/index.php\/wp-json\/wp\/v2\/pages\/1575\/revisions"}],"predecessor-version":[{"id":1586,"href":"https:\/\/ruralsolidarity.eu\/index.php\/wp-json\/wp\/v2\/pages\/1575\/revisions\/1586"}],"wp:attachment":[{"href":"https:\/\/ruralsolidarity.eu\/index.php\/wp-json\/wp\/v2\/media?parent=1575"}],"curies":[{"name":"wp","href":"https:\/\/api.w.org\/{rel}","templated":true}]}}