{"id":1569,"date":"2019-07-24T16:49:34","date_gmt":"2019-07-24T14:49:34","guid":{"rendered":"https:\/\/ruralsolidarity.eu\/?page_id=1569"},"modified":"2019-07-24T17:29:53","modified_gmt":"2019-07-24T15:29:53","slug":"situation-agricole-en-wallonie","status":"publish","type":"page","link":"https:\/\/ruralsolidarity.eu\/index.php\/situation-agricole-en-wallonie\/","title":{"rendered":"LA SITUATION AGRICOLE EN WALLONIE"},"content":{"rendered":"<p>[vc_row][vc_column][vc_column_text]La Belgique a perdu 68% de ses exploitations ces 37 derni\u00e8res ann\u00e9es. En 2017, la Belgique comptait 35.910 exploitations: 23.278 en Flandre et 12.632 en Wallonie. En parall\u00e8le, la surface agricole utile (SAU) en Wallonie ne cesse de d\u00e9cro\u00eetre depuis 1990. Cependant, on observe une augmentation de la superficie moyenne par exploitation : 25.8ha en moyenne en 1990, contre 56.8ha en moyenne en 2016. Ces dynamiques rendent compte d\u2019une concentration des moyens de production<a href=\"#_ftn1\" name=\"_ftnref1\">[1]<\/a>. De m\u00eame, la superficie d\u2019une exploitation en-dessous de laquelle une exploitation tend \u00e0 dispara\u00eetre a augment\u00e9 depuis les derni\u00e8res ann\u00e9es. Ce seuil de pers\u00e9v\u00e9rance est estim\u00e9 \u00e0 75-80ha alors qu\u2019il approchait les 50 ha il y a 25 ans. Le crit\u00e8re de superficie de l\u2019exploitation est devenu un crit\u00e8re d\u2019importance au fil des ans.<\/p>\n<p>Des enjeux financiers r\u00e9sident au c\u0153ur de ces dynamiques\u00a0: le revenu annuel des agriculteurs wallons par unit\u00e9 de travail s\u2019\u00e9l\u00e8ve en moyenne \u00e0 9603\u20ac en 2016. 38% ont travaill\u00e9 pour un revenu n\u00e9gatif cette m\u00eame ann\u00e9e. L\u2019activit\u00e9 agricole mobilise des capitaux importants\u00a0; Les capitaux mis en jeu par l\u2019exploitant ont atteint en moyenne 638.000\u20ac. En r\u00e9ponse \u00e0 ce besoin de capital, les agriculteurs contractent des emprunts\u00a0 sur de longue p\u00e9riode\u00a0 ce qui a pour corolaire une baisse de leur solvabilit\u00e9<a href=\"#_ftn2\" name=\"_ftnref2\">[2]<\/a>.<\/p>\n<p>A ces enjeux financiers s\u2019ajoutent des enjeux humains\u00a0: relations interg\u00e9n\u00e9rationnelles et familiales, rapports hommes-femmes, isolement&#8230;Ainsi, en Wallonie, la main d\u2019\u0153uvre familiale repr\u00e9sente la premi\u00e8re source de main d\u2019\u0153uvre. Toutefois, le contexte d\u2019une exploitation agricole met parfois les liens familiaux \u00e0 rude \u00e9preuve. La famille se transforme en un foyer ambivalent, source de tensions. La question de la succession et de la transmission de l\u2019exploitation est souvent source de difficult\u00e9. Pour 100 exploitants \u00e2g\u00e9s d\u2019au moins 50 ans, 16 d\u2019entre eux d\u00e9clarent avoir un successeur pr\u00e9sum\u00e9. Ensuite, les femmes repr\u00e9sentent 29.9% de la main d\u2019\u0153uvre du secteur agricole et horticole belge, contre 70.1% pour les hommes. En revanche, les conjoints des exploitants largement des femmes, repr\u00e9sentent le deuxi\u00e8me groupe en importance num\u00e9rique (3.745 conjoints dont 34.7% \u00e0 temps plein). La question de la reconnaissance du statut des conjoints se pose alors. Toutefois, en Wallonie, 2 exploitants sur 3 n\u2019ont pas de conjoint qui travaille sur l\u2019exploitation. La solitude, l\u2019\u00e9puisement professionnel et le stress sont des r\u00e9alit\u00e9s auxquelles les agriculteurs.trices doivent faire face. En effet, une \u00e9tude de Preventagri<a href=\"#_ftn3\" name=\"_ftnref3\">[3]<\/a>, a montr\u00e9 que le niveau de stress (30%) et d\u2019\u00e9puisement professionnel (29%) \u00e9taient significativement plus \u00e9lev\u00e9s en agriculture comparativement \u00e0 d\u2019autres secteurs.<\/p>\n<p><a href=\"#_ftnref1\" name=\"_ftn1\">[1]<\/a>Wallonie agriculture SPW (2018). Evolution de l\u2019\u00e9conomie agricole et horticole de la Wallonie.<\/p>\n<p><a href=\"#_ftnref2\" name=\"_ftn2\">[2]<\/a>Wallonie agriculture SPW (2018). Evolution de l\u2019\u00e9conomie agricole et horticole de la Wallonie.<\/p>\n<p><a href=\"#_ftnref3\" name=\"_ftn3\">[3]<\/a>Preventagri (2002). Stress dans l\u2019agriculture en Wallonie et en Flandres\u00a0: synth\u00e8se de l\u2019\u00e9tude exploratoire.[\/vc_column_text][vc_row_inner][vc_column_inner width=\u00a0\u00bb1\/2&Prime;][vc_cta h2=\u00a0\u00bbLa situation agricole en France\u00a0\u00bb add_button=\u00a0\u00bbbottom\u00a0\u00bb btn_title=\u00a0\u00bbEn savoir plus\u00a0\u00bb btn_link=\u00a0\u00bburl:https%3A%2F%2Fruralsolidarity.eu%2Findex.php%2Fsituation-agricole-en-france%2F|title:SITUATION%20AGRICOLE%20EN%20FRANCE||\u00a0\u00bb]Avec un mod\u00e8le \u00e9conomique qui met les agriculteurs sous pression, la France montre des signes forts de d\u00e9tresse chez les exploitants agricoles, avec un taux de suicide alarmant\u00a0: un agriculteur se suicide chaque jour en France (donn\u00e9es MSA 2015).[\/vc_cta][\/vc_column_inner][vc_column_inner width=\u00a0\u00bb1\/2&Prime;][\/vc_column_inner][\/vc_row_inner][\/vc_column][\/vc_row]\n","protected":false},"excerpt":{"rendered":"<p>[vc_row][vc_column][vc_column_text]La Belgique a perdu 68% de ses exploitations ces 37 derni\u00e8res ann\u00e9es. En 2017, la Belgique comptait 35.910 exploitations: 23.278 en Flandre et 12.632 en Wallonie. En parall\u00e8le, la surface agricole utile (SAU) en Wallonie ne cesse de d\u00e9cro\u00eetre depuis 1990. Cependant, on observe une augmentation de la superficie moyenne par exploitation : 25.8ha en [&hellip;]<\/p>\n","protected":false},"author":1,"featured_media":0,"parent":0,"menu_order":0,"comment_status":"closed","ping_status":"closed","template":"","meta":[],"_links":{"self":[{"href":"https:\/\/ruralsolidarity.eu\/index.php\/wp-json\/wp\/v2\/pages\/1569"}],"collection":[{"href":"https:\/\/ruralsolidarity.eu\/index.php\/wp-json\/wp\/v2\/pages"}],"about":[{"href":"https:\/\/ruralsolidarity.eu\/index.php\/wp-json\/wp\/v2\/types\/page"}],"author":[{"embeddable":true,"href":"https:\/\/ruralsolidarity.eu\/index.php\/wp-json\/wp\/v2\/users\/1"}],"replies":[{"embeddable":true,"href":"https:\/\/ruralsolidarity.eu\/index.php\/wp-json\/wp\/v2\/comments?post=1569"}],"version-history":[{"count":4,"href":"https:\/\/ruralsolidarity.eu\/index.php\/wp-json\/wp\/v2\/pages\/1569\/revisions"}],"predecessor-version":[{"id":1585,"href":"https:\/\/ruralsolidarity.eu\/index.php\/wp-json\/wp\/v2\/pages\/1569\/revisions\/1585"}],"wp:attachment":[{"href":"https:\/\/ruralsolidarity.eu\/index.php\/wp-json\/wp\/v2\/media?parent=1569"}],"curies":[{"name":"wp","href":"https:\/\/api.w.org\/{rel}","templated":true}]}}